13) to base 10
7
-13 (base 4) to base 2
-111
102 (base 3) to base 2
1011
What is -22 (base 9) in base 14?
-16
2 (base 3) to base 6
2
What is -3132 (base 4) in base 15?
-ec
What is -5 (base 14) in base 9?
-5
-10010000 (base 2) to base 7
-264
Convert -7 (base 11) to base 4.
-13
What is 3 (base 14) in base 15?
3
Convert -1 (base 16) to base 3.
-1
Convert -61 (base 14) to base 3.
-10011
What is 89 (base 15) in base 2?
10000001
Convert 8 (base 9) to base 12.
8
Convert -20 (base 13) to base 11.
-24
bc (base 14) to base 8
246
Convert 44 (base 12) to base 6.
124
What is 0 (base 12) in base 2?
0
Convert 12002 (base 3) to base 10.
137
Convert 5 (base 11) to base 2.
101
26 (base 15) to base 10
36
Convert -34 (base 6) to base 7.
-31
74 (base 11) to base 7
144
6 (base 12) to base 14
6
What is -4 (base 15) in base 6?
-4
-21 (base 6) to base 13
-10
46 (base 10) to base 15
31
37 (base 15) to base 8
64
What is 6 (base 12) in base 11?
6
-1 (base 15) to base 14
-1
Convert 72 (base 13) to base 15.
63
4 (base 13) to base 2
100
-2 (base 7) to base 3
-2
Convert 8 (base 13) to base 11.
8
What is 6 (base 7) in base 10?
6
What is -210 (base 3) in base 13?
-18
6 (base 15) to base 9
6
-7 (base 8) to base 13
-7
What is -111 (base 8) in base 12?
-61
-22 (base 5) to base 9
-13
What is -11 (base 4) in base 14?
-5
3b (base 14) to base 10
53
Convert -3 (base 11) to base 16.
-3
3 (base 14) to base 5
3
What is -1 (base 12) in base 15?
-1
What is 3 (base 4) in base 6?
3
What is -10 (base 3) in base 5?
-3
Convert -20 (base 3) to base 4.
-12
Convert 232 (base 6) to base 14.
68
4 (base 10) to base 14
4
65 (base 8) to base 10
53
What is -2 (base 16) in base 11?
-2
What is 116 (base 12) in base 4?
2202
What is d7 (base 14) in base 5?
1224
Convert 2 (base 3) to base 2.
10
Convert -8 (base 15) to base 8.
-10
Convert 11 (base 3) to base 15.
4
-202 (base 4) to base 6
-54
1 (base 3) to base 4
1
Convert 140 (base 8) to base 2.
1100000
-2 (base 11) to base 3
-2
22 (base 3) to base 12
8
-e (base 15) to base 9
-15
What is 31 (base 15) in base 16?
2e
-54 (base 9) to base 6
-121
Convert -10 (base 14) to base 16.
-e
5 (base 8) to base 2
101
Convert 12 (base 9) to base 7.
14
Convert 100 (base 10) to base 2.
1100100
1001 (base 2) to base 11
9
2 (base 13) to base 5
2
34 (base 6) to base 16
16
Convert -1 (base 12) to base 16.
-1
What is -3 (base 11) in base 15?
-3
What is 11 (base 7) in base 6?
12
Convert -3 (base 7) to base 11.
-3
-14 (base 12) to base 16
-10
3 (base 9) to base 14
3
What is -3 (base 7) in base 13?
-3
Convert 32 (base 13) to base 8.
51
What is 110 (base 4) in base 16?
14
22 (base 4) to base 7
13
50 (base 15) to base 8
113
Convert 4 (base 11) to base 9.
4
What is -188 (base 10) in base 8?
-274
What is -26 (base 7) in base 3?
-202
What is 4 (base 12) in base 16?
4
-6 (base 14) to base 6
-10
Convert 3 (base 15) to base 8.
3
-220 (base 4) to base 8
-50
f1 (base 16) to base 5
1431
What is 8 (base 11) in base 13?
8
3011 (base 4) to base 12
145
21 (base 3) to base 5
12
10 (base 4) to base 10
4
Convert 130 (base 4) to base 13.
22
Convert 10 (base 3) to base 12.
3
1 (base 12) to base 16
1
Convert c (base 13) to base 10.
12
What is 2102 (base 3) in base 9?
72
What is -1 (base 13) in base 2?
-1
What is -2 (base 5) in base 14?
-2
What is 8 (base 11) in base 9?
8
Convert -5 (base 16) to base 13.
-5
Convert 36 (base 16) to base 9.
60
What is da (base 16) in base 8?
332
Convert -33 (base 12) to base 11.
-36
What is 4b (base 14) in base 7?
124
Convert 205 (base 8) to base 13.
a3
Convert -124 (base 9) to base 16.
-67
4 (base 9) to base 12
4
What is -2200 (base 4) in base 5?
-1120
What is 2 (base 4) in base 14?
2
8 (base 13) to base 8
10
What is b0 (base 13) in base 2?
10001111
What is -4 (base 11) in base 16?
-4
-3 (base 11) to base 4
-3
Convert -1 (base 4) to base 8.
-1
What is -20 (base 14) in base 4?
-130
Convert -4 (base 14) to base 4.
-10
What is -31 (base 16) in base 4?
-301
Convert -111010 (base 2) to base 16.
-3a
What is -4 (base 14) in base 10?
-4
What is -1001 (base 3) in base 13?
-22
What is 3 (base 9) in base 5?
3
Convert -4 (base 10) to base 15.
-4
What is -183 (base 9) in base 4?
-2130
-d (base 16) to base 9
-14
Convert 26 (base 7) to base 10.
20
-205 (base 9) to base 4
-2213
Convert 2c (base 14) to base 5.
130
-34 (base 13) to base 12
-37
What is -54 (base 14) in base 9?
-82
Convert -1 (base 16) to base 12.
-1
-5 (base 10) to base 16
-5
3 (base 7) to base 8
3
10 (base 9) to base 16
9
69 (base 14) to base 5
333
114 (base 6) to base 12
3a
What is 11 (base 7) in base 9?
8
1 (base 6) to base 2
1
Convert 13a (base 11) to base 7.
323
Convert 2 (base 11) to base 15.
2
-14 (base 16) to base 4
-110
What is 65 (base 9) in base 8?
73
What is -61 (base 15) in base 11?
-83
12 (base 11) to base 10
13
Convert 56 (base 7) to base 15.
2b
1 (base 4) to base 12
1
Convert 3 (base 10) to base 3.
10
Convert 0 (base 16) to base 5.
0
166 (base 13) to base 6
1101
What is 10 (base 5) in base 6?
5
Convert -21 (base 4) to base 5.
-14
Convert 100 (base 8) to base 12.
54
3 (base 14) to base 4
3
What is 42 (base 12) in base 5?
200
-1 (base 10) to base 9
-1
Convert 0 (base 13) to base 12.
0
What is -37 (base 9) in base 4?
-202
Convert 11 (base 7) to base 5.
13
Convert -4 (base 15) to base 3.
-11
231 (base 5) to base 13
51
Convert -101 (base 2) to base 15.
-5
What is 366 (base 8) in base 15?
116
What is -3 (base 10) in base 11?
-3
-7 (base 13) to base 4
-13
1225 (base 6) to base 16
131
-2d (base 14) to base 15
-2b
-31 (base 10) to base 6
-51
What is -5 (base 12) in base 4?
-11
What is 21 (base 15) in base 6?
51
21 (base 4) to base 12
9
Convert 1d (base 14) to base 15.
1c
What is 22 (base 3) in base 8?
10
-22 (base 4) to base 16
-a
-102 (base 3) to base 8
-13
What is -101 (base 3) in base 14?
-a
Convert 2 (base 11) to base 4.
2
-31 (base 5) to base 7
-22
Convert -221 (base 3) to base 13.
-1c
-55 (base 6) to base 10
-35
Convert -230 (base 6) to base 16.
-5a
Convert -10 (base 5) to base 16.
-5
16 (base 15) to base 13
18
Convert 4 (base 13) to base 14.
4
Convert 4 (base 13) to base 12.
4
-10100101 (base 2) to base 12
-119
What is -4 (base 16) in base 12?
-4
4 (base 7) to base 15
4
-5 (base 11) to base 10
-5
1 (base 2) to base 15
1
Convert -10 (base 14) to base 2.
-1110
Convert 0 (base 15) to base 13.
0
4 (base 11) to base 9
4
Convert -101110 (base 2) to base 7.
-64
1a (base 13) to base 12
1b
-2 (base 12) to base 15
-2
Convert 11 (base 6) to base 5.
12
Convert -73 (base 11) to base 8.
-120
Convert -27 (base 10) to base 6.
-43
2 (base 13) to base 12
2
Convert -71 (base 11) to base 9.
-86
What is 100 (base 2) in base 13?
4
Convert 0 (base 5) to base 9.
0
Convert 3 (base 10) to base 3.
10
What is 39 (base 12) in base 16?
2d
Convert 1 (base 2) to base 13.
1
Convert -36 (base 11) to base 14.
-2b
Convert 13 (base 5) to base 10.
8
What is 1203 (base 4) in base 14?
71
Convert 62 (base 14) to base 3.
10012
60 (base 10) to base 14
44
-56 (base 8) to base 14
-34
What is -2 (base 13) in base 2?
-10
-13 (base 15) to base 3
-200
Convert -100 (base 2) to base 6.
-4
What is -3 (base 15) in base 16?
-3
2 (base 12) to base 11
2
What is -3 (base 16) in base 2?
-11
What is 3 (base 5) in base 2?
11
What is -3 (base 10) in base 3?
-10
What is -2 (base 14) in base 5?
-2
What is -20 (base 9) in base 6?
-30
Convert -30 (base 7) to base 11.
-1a
Convert -132 (base 9) to base 8.
-156
What is 11 (base 14) in base 4?
33
What is -118 (base 9) in base 13?
-77
Convert 52 (base 12) to base 5.
222
Convert -321 (base 4) to base 3.
-2010
21 (base 4) to base 2
1001
What is -22 (base 5) in base 4?
-30
What is -2 (base 6) in base 5?
-2
What is -27 (base 9) in base 4?
-121
-11001010 (base 2) to base 15
-d7
Convert 2 (base 16) to base 5.
2
-11 (base 2) to base 10
-3
Convert -100 (base 3) to base 10.
-9
What is 1022 (base 3) in base 8?
43
What is 16 (base 8) in base 4?
32
What is -110011 (base 2) in base 15?
-36
Convert -7 (base 16) to base 4.
-13
What is 242 (base 8) in base 14?
b8
Convert 63 (base 13) to base 7.
144
Convert 0 (base 14) to base 10.
0
8a (base 11) to base 4
1202
Convert -1e (base 16) to base 11.
-28
What is -3 (base 4) in base 14?
-3
Convert 1 (base 5) to base 16.
1
What is -2 (base 3) in base 7?
-2
Convert 6 (base 7) to base 8.
6
What is 116 